63.148.99.232 - - [25/Mar/2003:14:59:22 -0800] "GET /2003/03/24.html HTTP/1.1" 200 22651 "http://www.gulker.com/2003/03/08.html" "Mozilla/4.0 (compatible; MSIE 5.05; Windows NT 3.51)"
63.148.99.232 - - [25/Mar/2003:14:59:38 -0800] "GET /2003/03/13.html HTTP/1.1" 200 17587 "http://www.gulker.com/2003/03/08.html" "Mozilla/4.0 (compatible; MSIE 5.05; Windows NT 3.51)"
63.148.99.232 - - [25/Mar/2003:14:59:57 -0800] "GET /2003/03/03.html HTTP/1.1" 200 19664 "http://www.gulker.com/2003/03/08.html" "Mozilla/4.0 (compatible; MSIE 6.0; Windows NT 5.0)"
63.148.99.232 - - [25/Mar/2003:15:00:05 -0800] "GET /2003/03/02.html HTTP/1.1" 200 16834 "http://www.gulker.com/2003/03/08.html" "Mozilla/4.0 (compatible; MSIE 5.05; Windows NT 3.51)"
63.148.99.232 - - [25/Mar/2003:15:00:21 -0800] "GET /2003/03/18.html HTTP/1.1" 200 26330 "http://www.gulker.com/2003/03/08.html" "Mozilla/4.0 (compatible; MSIE 5.05; Windows NT 3.51)"
63.148.99.232 - - [25/Mar/2003:15:00:24 -0800] "GET /2003/03/09.html HTTP/1.1" 200 19493 "http://www.gulker.com/2003/03/08.html" "Mozilla/4.0 (compatible; MSIE 5.05; Windows NT 4.0)"
63.148.99.232 - - [25/Mar/2003:15:00:34 -0800] "GET /2003/03/10.html HTTP/1.1" 200 24082 "http://www.gulker.com/2003/03/08.html" "Mozilla/4.0 (compatible; MSIE 5.05; Windows NT 3.51)"
63.148.99.232 - - [25/Mar/2003:15:00:47 -0800] "GET /2003/03/19.html HTTP/1.1" 200 24957 "http://www.gulker.com/2003/03/08.html" "Mozilla/4.0 (compatible; MSIE 5.05; Windows NT 3.51)"
63.148.99.232 - - [25/Mar/2003:15:01:05 -0800] "GET /2003/03/22.html HTTP/1.1" 200 16817 "http://www.gulker.com/2003/03/08.html" "Mozilla/4.0 (compatible; MSIE 5.05; Windows NT 4.0)"
63.148.99.232 - - [25/Mar/2003:15:01:05 -0800] "GET /2003/03/16.html HTTP/1.1" 200 17838 "http://www.gulker.com/2003/03/08.html" "Mozilla/4.0 (compatible; MSIE 6.0; Windows NT 5.0)"
63.148.99.232 - - [25/Mar/2003:15:01:22 -0800] "GET /2003/03/20.html HTTP/1.1" 200 24044 "http://www.gulker.com/2003/03/08.html" "Mozilla/4.0 (compatible; MSIE 5.05; Windows NT 4.0)"
63.148.99.232 - - [25/Mar/2003:15:01:23 -0800] "GET /2003/03/21.html HTTP/1.1" 200 37565 "http://www.gulker.com/2003/03/08.html" "Mozilla/4.0 (compatible; MSIE 5.05; Windows NT 3.51)"
63.148.99.232 - - [25/Mar/2003:15:01:32 -0800] "GET /2003/03/11.html HTTP/1.1" 200 25270 "http://www.gulker.com/2003/03/08.html" "Mozilla/4.0 (compatible; MSIE 6.0; Windows NT 5.0)"
63.148.99.232 - - [25/Mar/2003:15:01:37 -0800] "GET /2003/03/12.html HTTP/1.1" 200 19247 "http://www.gulker.com/2003/03/08.html" "Mozilla/4.0 (compatible; MSIE 5.05; Windows NT 5.0)"
63.148.99.232 - - [25/Mar/2003:15:01:56 -0800] "GET /2003/03/06.html HTTP/1.1" 200 22829 "http://www.gulker.com/2003/03/08.html" "Mozilla/4.0 (compatible; MSIE 6.0; Windows NT 5.0)"
63.148.99.232 - - [25/Mar/2003:15:01:57 -0800] "GET /2003/03/04.html HTTP/1.1" 200 17390 "http://www.gulker.com/2003/03/08.html" "Mozilla/4.0 (compatible; MSIE 5.05; Windows NT 3.51)"
63.148.99.232 - - [25/Mar/2003:15:02:16 -0800] "GET /2003/02/13.html HTTP/1.1" 200 23250 "http://www.gulker.com/2003/02/27.html" "Mozilla/4.0 (compatible; MSIE 5.05; Windows NT 5.0)"
63.148.99.232 - - [25/Mar/2003:15:02:22 -0800] "GET /2003/02/07.html HTTP/1.1" 200 29364 "http://www.gulker.com/2003/02/27.html" "Mozilla/4.0 (compatible; MSIE 5.05; Windows NT 5.0)"
63.148.99.232 - - [25/Mar/2003:15:02:58 -0800] "GET /2003/02/08.html HTTP/1.1" 200 15842 "http://www.gulker.com/2003/02/27.html" "Mozilla/4.0 (compatible; MSIE 5.05; Windows NT 3.51)"
63.148.99.232 - - [25/Mar/2003:15:03:02 -0800] "GET /2003/02/16.html HTTP/1.1" 200 20470 "http://www.gulker.com/2003/02/27.html" "Mozilla/4.0 (compatible; MSIE 6.0; Windows NT 5.0)"
63.148.99.232 - - [25/Mar/2003:15:03:12 -0800] "GET /2003/02/02.html HTTP/1.1" 200 22423 "http://www.gulker.com/2003/02/27.html" "Mozilla/4.0 (compatible; MSIE 5.05; Windows NT 4.0)"
63.148.99.232 - - [25/Mar/2003:15:03:12 -0800] "GET /2003/02/11.html HTTP/1.1" 200 24002 "http://www.gulker.com/2003/02/27.html" "Mozilla/4.0 (compatible; MSIE 6.0; Windows NT 5.0)"
63.148.99.232 - - [25/Mar/2003:15:03:21 -0800] "GET /2003/02/09.html HTTP/1.1" 200 18693 "http://www.gulker.com/2003/02/27.html" "Mozilla/4.0 (compatible; MSIE 5.05; Windows NT 5.0)"
63.148.99.232 - - [25/Mar/2003:15:03:32 -0800] "GET /2003/02/01.html HTTP/1.1" 200 21172 "http://www.gulker.com/2003/02/27.html" "Mozilla/4.0 (compatible; MSIE 5.05; Windows NT 4.0)"
63.148.99.232 - - [25/Mar/2003:15:03:34 -0800] "GET /2003/02/15.html HTTP/1.1" 200 17752 "http://www.gulker.com/2003/02/27.html" "Mozilla/4.0 (compatible; MSIE 5.05; Windows NT 4.0)"
63.148.99.232 - - [25/Mar/2003:15:03:42 -0800] "GET /2003/02/14.html HTTP/1.1" 200 21765 "http://www.gulker.com/2003/02/27.html" "Mozilla/4.0 (compatible; MSIE 5.05; Windows NT 5.0)"
63.148.99.232 - - [25/Mar/2003:15:03:45 -0800] "GET /2003/02/24.html HTTP/1.1" 200 15781 "http://www.gulker.com/2003/02/27.html" "Mozilla/4.0 (compatible; MSIE 5.05; Windows NT 3.51)"
63.148.99.232 - - [25/Mar/2003:15:03:57 -0800] "GET /2003/02/20.html HTTP/1.1" 200 15926 "http://www.gulker.com/2003/02/27.html" "Mozilla/4.0 (compatible; MSIE 6.0; Windows NT 5.0)"
63.148.99.232 - - [25/Mar/2003:15:04:06 -0800] "GET /2003/02/12.html HTTP/1.1" 200 22040 "http://www.gulker.com/2003/02/27.html" "Mozilla/4.0 (compatible; MSIE 5.05; Windows NT 5.0)"
63.148.99.232 - - [25/Mar/2003:15:04:18 -0800] "GET /2003/02/17.html HTTP/1.1" 200 16986 "http://www.gulker.com/2003/02/27.html" "Mozilla/4.0 (compatible; MSIE 5.05; Windows NT 3.51)"
63.148.99.232 - - [25/Mar/2003:15:04:19 -0800] "GET /2003/02/04.html HTTP/1.1" 200 24371 "http://www.gulker.com/2003/02/27.html" "Mozilla/4.0 (compatible; MSIE 6.0; Windows NT 5.0)"
63.148.99.233 - - [25/Mar/2003:15:04:31 -0800] "GET /blog HTTP/1.1" 301 312 "http://www.gavinsblog.com/2003/03/05.html" "Mozilla/4.0 (compatible; MSIE 5.05; Windows NT 5.0)"
63.148.99.233 - - [25/Mar/2003:15:05:24 -0800] "GET /blog/ HTTP/1.1" 200 44569 "http://www.ridey.net/blog" "Mozilla/4.0 (compatible; MSIE 5.05; Windows NT 5.0)"
63.148.99.233 - - [25/Mar/2003:15:06:35 -0800] "GET /blog/2003/03/24.html HTTP/1.1" 200 21489 "http://www.ridey.net/blog/" "Mozilla/4.0 (compatible; MSIE 5.05; Windows NT 5.0)"
63.148.99.233 - - [25/Mar/2003:15:06:35 -0800] "GET /blog/2003/03/20.html HTTP/1.1" 200 19528 "http://www.ridey.net/blog/" "Mozilla/4.0 (compatible; MSIE 5.05; Windows NT 3.51)"
63.148.99.233 - - [25/Mar/2003:15:06:52 -0800] "GET /blog/2003/02/16.html HTTP/1.1" 200 21108 "http://www.ridey.net/blog/" "Mozilla/4.0 (compatible; MSIE 5.05; Windows NT 5.0)"
63.148.99.233 - - [25/Mar/2003:15:06:52 -0800] "GET /blog/2002/03/index.html HTTP/1.1" 200 26629 "http://www.ridey.net/blog/" "Mozilla/4.0 (compatible; MSIE 5.05; Windows NT 4.0)"
63.148.99.233 - - [25/Mar/2003:15:07:15 -0800] "GET /blog/2003/02/26.html HTTP/1.1" 200 18125 "http://www.ridey.net/blog/" "Mozilla/4.0 (compatible; MSIE 5.05; Windows NT 4.0)"
63.148.99.233 - - [25/Mar/2003:15:07:19 -0800] "GET /blog/2003/02/25.html HTTP/1.1" 200 18221 "http://www.ridey.net/blog/" "Mozilla/4.0 (compatible; MSIE 6.0; Windows NT 5.0)"
63.148.99.233 - - [25/Mar/2003:15:07:24 -0800] "GET /blog/2003/03/21.html HTTP/1.1" 200 23817 "http://www.ridey.net/blog/" "Mozilla/4.0 (compatible; MSIE 5.05; Windows NT 4.0)"
63.148.99.233 - - [25/Mar/2003:15:07:29 -0800] "GET /blog/2003/03/19.html HTTP/1.1" 200 22610 "http://www.ridey.net/blog/" "Mozilla/4.0 (compatible; MSIE 6.0; Windows NT 5.0)"
63.148.99.233 - - [25/Mar/2003:15:07:52 -0800] "GET /blog/2003/02/08.html HTTP/1.1" 200 18952 "http://www.ridey.net/blog/" "Mozilla/4.0 (compatible; MSIE 5.05; Windows NT 5.0)"
63.148.99.233 - - [25/Mar/2003:15:08:14 -0800] "GET /blog/categories/photoGallery/ HTTP/1.1" 200 32012 "http://www.ridey.net/blog/2002/03/index.html" "Mozilla/4.0 (compatible; MSIE 5.05; Windows NT 5.0)"
63.148.99.233 - - [25/Mar/2003:15:08:14 -0800] "GET /blog/rss.xml HTTP/1.1" 200 15593 "http://www.ridey.net/blog/2002/03/index.html" "Mozilla/4.0 (compatible; MSIE 5.05; Windows NT 4.0)"
63.148.99.233 - - [25/Mar/2003:15:08:41 -0800] "GET /blog/gems/blogroll.opml HTTP/1.1" 200 1916 "http://www.ridey.net/blog/2002/03/index.html" "Mozilla/4.0 (compatible; MSIE 5.05; Windows NT 3.51)"
63.148.99.233 - - [25/Mar/2003:15:08:42 -0800] "GET /blog/categories/charlieSBlog/ HTTP/1.1" 200 29595 "http://www.ridey.net/blog/2002/03/index.html" "Mozilla/4.0 (compatible; MSIE 5.05; Windows NT 5.0)"
63.148.99.233 - - [25/Mar/2003:15:09:00 -0800] "GET /blog/2002/03/28.html HTTP/1.1" 200 20674 "http://www.ridey.net/blog/2002/03/index.html" "Mozilla/4.0 (compatible; MSIE 6.0; Windows NT 5.0)"
63.148.99.233 - - [25/Mar/2003:15:09:02 -0800] "GET /blog/2002/03/2002/03/21.html HTTP/1.1" 404 304 "http://www.ridey.net/blog/2002/03/index.html" "Mozilla/4.0 (compatible; MSIE 5.05; Windows NT 5.0)"
63.148.99.233 - - [25/Mar/2003:15:09:15 -0800] "GET /blog/2002/03/21.html HTTP/1.1" 200 18862 "http://www.ridey.net/blog/2002/03/index.html" "Mozilla/4.0 (compatible; MSIE 5.05; Windows NT 3.51)"
63.148.99.233 - - [25/Mar/2003:15:09:26 -0800] "GET /blog/2002/03/2002/04/11.html HTTP/1.1" 404 304 "http://www.ridey.net/blog/2002/03/index.html" "Mozilla/4.0 (compatible; MSIE 5.05; Windows NT 4.0)"
63.148.99.233 - - [25/Mar/2003:15:09:45 -0800] "GET /blog/2002/03/11.html HTTP/1.1" 200 20663 "http://www.ridey.net/blog/2002/03/index.html" "Mozilla/4.0 (compatible; MSIE 5.05; Windows NT 3.51)"
63.148.99.233 - - [25/Mar/2003:15:09:50 -0800] "GET /blog/2003/02/05.html HTTP/1.1" 200 19073 "http://www.ridey.net/blog/2003/02/16.html" "Mozilla/4.0 (compatible; MSIE 5.05; Windows NT 3.51)"
63.148.99.233 - - [25/Mar/2003:15:10:12 -0800] "GET /blog/2003/01/30.html HTTP/1.1" 200 18851 "http://www.ridey.net/blog/2003/02/16.html" "Mozilla/4.0 (compatible; MSIE 5.05; Windows NT 3.51)"
63.148.99.233 - - [25/Mar/2003:15:10:12 -0800] "GET /blog/2003/02/03.html HTTP/1.1" 200 18344 "http://www.ridey.net/blog/2003/02/16.html" "Mozilla/4.0 (compatible; MSIE 5.05; Windows NT 5.0)"
63.148.99.233 - - [25/Mar/2003:15:10:28 -0800] "GET /blog/2003/02/04.html HTTP/1.1" 200 18181 "http://www.ridey.net/blog/2003/02/16.html" "Mozilla/4.0 (compatible; MSIE 5.05; Windows NT 4.0)"
63.148.99.233 - - [25/Mar/2003:15:10:35 -0800] "GET /blog/2002/03/2002/03/28.html HTTP/1.1" 404 304 "http://www.ridey.net/blog/2002/03/index.html" "Mozilla/4.0 (compatible; MSIE 5.05; Windows NT 3.51)"
63.148.99.233 - - [25/Mar/2003:15:11:02 -0800] "GET /blog/2002/03/2002/03/11.html HTTP/1.1" 404 304 "http://www.ridey.net/blog/2002/03/index.html" "Mozilla/4.0 (compatible; MSIE 5.05; Windows NT 5.0)"
63.148.99.233 - - [25/Mar/2003:15:11:11 -0800] "GET /blog/2003/02/10.html HTTP/1.1" 200 23470 "http://www.ridey.net/blog/2003/02/16.html" "Mozilla/4.0 (compatible; MSIE 5.05; Windows NT 4.0)"
63.148.99.233 - - [25/Mar/2003:15:11:41 -0800] "GET /blog/2002/03/2002/02/27.html HTTP/1.1" 404 304 "http://www.ridey.net/blog/2002/03/index.html" "Mozilla/4.0 (compatible; MSIE 5.05; Windows NT 5.0)"
63.148.99.233 - - [25/Mar/2003:15:11:47 -0800] "GET /blog/categories/photoGallery/2002/11/12.html HTTP/1.1" 200 18617 "http://www.ridey.net/blog/categories/photoGallery/" "Mozilla/4.0 (compatible; MSIE 5.05; Windows NT 5.0)"
63.148.99.233 - - [25/Mar/2003:15:12:02 -0800] "GET /blog/categories/photoGallery/2002/10/27.html HTTP/1.1" 200 18436 "http://www.ridey.net/blog/categories/photoGallery/" "Mozilla/4.0 (compatible; MSIE 5.05; Windows NT 3.51)"
63.148.99.233 - - [25/Mar/2003:15:12:14 -0800] "GET /blog/categories/photoGallery/2003/02/16.html HTTP/1.1" 200 18206 "http://www.ridey.net/blog/categories/photoGallery/" "Mozilla/4.0 (compatible; MSIE 6.0; Windows NT 5.0)"
63.148.99.233 - - [25/Mar/2003:15:12:43 -0800] "GET /blog/categories/photoGallery/2003/01/20.html HTTP/1.1" 200 18490 "http://www.ridey.net/blog/categories/photoGallery/" "Mozilla/4.0 (compatible; MSIE 6.0; Windows NT 5.0)"
63.148.99.233 - - [25/Mar/2003:15:12:50 -0800] "GET /blog/categories/photoGallery/2002/12/25.html HTTP/1.1" 200 18031 "http://www.ridey.net/blog/categories/photoGallery/" "Mozilla/4.0 (compatible; MSIE 5.05; Windows NT 4.0)"
63.148.99.233 - - [25/Mar/2003:15:13:00 -0800] "GET /blog/categories/photoGallery/2003/03/19.html HTTP/1.1" 200 18838 "http://www.ridey.net/blog/categories/photoGallery/" "Mozilla/4.0 (compatible; MSIE 6.0; Windows NT 5.0)"
63.148.99.233 - - [25/Mar/2003:15:13:15 -0800] "GET /blog/categories/photoGallery/2003/01/12.html HTTP/1.1" 200 19083 "http://www.ridey.net/blog/categories/photoGallery/" "Mozilla/4.0 (compatible; MSIE 5.05; Windows NT 5.0)"
63.148.99.233 - - [25/Mar/2003:15:13:42 -0800] "GET /blog/categories/photoGallery/rss.xml HTTP/1.1" 200 20174 "http://www.ridey.net/blog/categories/photoGallery/" "Mozilla/4.0 (compatible; MSIE 6.0; Windows NT 5.0)"
63.148.99.233 - - [25/Mar/2003:15:13:51 -0800] "GET /blog/2002/02/27.html HTTP/1.1" 200 18746 "http://www.ridey.net/blog/2002/03/28.html" "Mozilla/4.0 (compatible; MSIE 5.05; Windows NT 3.51)"
63.148.99.233 - - [25/Mar/2003:15:15:29 -0800] "GET /blog/2003/01/01.html HTTP/1.1" 200 20762 "http://www.ridey.net/blog/2003/01/30.html" "Mozilla/4.0 (compatible; MSIE 5.05; Windows NT 5.0)"
63.148.99.233 - - [25/Mar/2003:15:15:30 -0800] "GET /blog/2003/01/10.html HTTP/1.1" 200 20780 "http://www.ridey.net/blog/2003/01/30.html" "Mozilla/4.0 (compatible; MSIE 6.0; Windows NT 5.0)"
63.148.99.233 - - [25/Mar/2003:15:15:52 -0800] "GET /blog/2002/12/29.html HTTP/1.1" 200 18908 "http://www.ridey.net/blog/2003/01/30.html" "Mozilla/4.0 (compatible; MSIE 5.05; Windows NT 5.0)"
63.148.99.233 - - [25/Mar/2003:15:15:52 -0800] "GET /blog/2003/01/12.html HTTP/1.1" 200 20620 "http://www.ridey.net/blog/2003/01/30.html" "Mozilla/4.0 (compatible; MSIE 6.0; Windows NT 5.0)"
63.148.99.233 - - [25/Mar/2003:15:16:38 -0800] "GET /blog/2003/01/14.html HTTP/1.1" 200 19090 "http://www.ridey.net/blog/2003/01/30.html" "Mozilla/4.0 (compatible; MSIE 5.05; Windows NT 5.0)"
63.148.99.233 - - [25/Mar/2003:15:16:42 -0800] "GET /blog/2003/01/28.html HTTP/1.1" 200 18188 "http://www.ridey.net/blog/2003/01/30.html" "Mozilla/4.0 (compatible; MSIE 6.0; Windows NT 5.0)"
63.148.99.233 - - [25/Mar/2003:15:17:11 -0800] "GET /blog/2002/02/13.html HTTP/1.1" 200 21907 "http://www.ridey.net/blog/2002/02/27.html" "Mozilla/4.0 (compatible; MSIE 5.05; Windows NT 3.51)"
63.148.99.233 - - [25/Mar/2003:15:17:18 -0800] "GET /blog/2002/03/03.html HTTP/1.1" 200 16836 "http://www.ridey.net/blog/2002/02/27.html" "Mozilla/4.0 (compatible; MSIE 5.05; Windows NT 3.51)"
63.148.99.232 - - [25/Mar/2003:15:17:45 -0800] "GET /2003/01/26.html HTTP/1.1" 200 18232 "http://www.gulker.com/2003/01/31.html" "Mozilla/4.0 (compatible; MSIE 6.0; Windows NT 5.0)"
63.148.99.233 - - [25/Mar/2003:15:17:47 -0800] "GET /blog/2002/02/09.html HTTP/1.1" 200 19508 "http://www.ridey.net/blog/2002/02/27.html" "Mozilla/4.0 (compatible; MSIE 5.05; Windows NT 5.0)"
63.148.99.232 - - [25/Mar/2003:15:17:48 -0800] "GET /2003/01/07.html HTTP/1.1" 200 18274 "http://www.gulker.com/2003/01/31.html" "Mozilla/4.0 (compatible; MSIE 6.0; Windows NT 5.0)"
63.148.99.233 - - [25/Mar/2003:15:17:55 -0800] "GET /blog/2002/02/20.html HTTP/1.1" 200 18205 "http://www.ridey.net/blog/2002/02/27.html" "Mozilla/4.0 (compatible; MSIE 5.05; Windows NT 3.51)"
63.148.99.232 - - [25/Mar/2003:15:17:56 -0800] "GET /2003/01/14.html HTTP/1.1" 200 17706 "http://www.gulker.com/2003/01/31.html" "Mozilla/4.0 (compatible; MSIE 5.05; Windows NT 5.0)"
63.148.99.232 - - [25/Mar/2003:15:18:00 -0800] "GET /2003/01/27.html HTTP/1.1" 200 23146 "http://www.gulker.com/2003/01/31.html" "Mozilla/4.0 (compatible; MSIE 5.05; Windows NT 4.0)"
63.148.99.232 - - [25/Mar/2003:15:18:04 -0800] "GET /2003/01/25.html HTTP/1.1" 200 19752 "http://www.gulker.com/2003/01/31.html" "Mozilla/4.0 (compatible; MSIE 5.05; Windows NT 5.0)"
63.148.99.232 - - [25/Mar/2003:15:18:15 -0800] "GET /2003/01/02.html HTTP/1.1" 200 15808 "http://www.gulker.com/2003/01/31.html" "Mozilla/4.0 (compatible; MSIE 5.05; Windows NT 5.0)"
63.148.99.232 - - [25/Mar/2003:15:18:15 -0800] "GET /2003/01/17.html HTTP/1.1" 200 17270 "http://www.gulker.com/2003/01/31.html" "Mozilla/4.0 (compatible; MSIE 5.05; Windows NT 5.0)"
63.148.99.232 - - [25/Mar/2003:15:18:19 -0800] "GET /2003/01/28.html HTTP/1.1" 200 22181 "http://www.gulker.com/2003/01/31.html" "Mozilla/4.0 (compatible; MSIE 5.05; Windows NT 3.51)"
63.148.99.232 - - [25/Mar/2003:15:18:21 -0800] "GET /2003/01/22.html HTTP/1.1" 200 17026 "http://www.gulker.com/2003/01/31.html" "Mozilla/4.0 (compatible; MSIE 5.05; Windows NT 3.51)"
63.148.99.233 - - [25/Mar/2003:15:18:22 -0800] "GET /blog/2002/02/14.html HTTP/1.1" 200 18147 "http://www.ridey.net/blog/2002/02/27.html" "Mozilla/4.0 (compatible; MSIE 5.05; Windows NT 4.0)"
63.148.99.233 - - [25/Mar/2003:15:18:23 -0800] "GET /blog/2002/02/25.html HTTP/1.1" 200 18084 "http://www.ridey.net/blog/2002/02/27.html" "Mozilla/4.0 (compatible; MSIE 5.05; Windows NT 3.51)"
63.148.99.232 - - [25/Mar/2003:15:18:36 -0800] "GET /2003/01/19.html HTTP/1.1" 200 15875 "http://www.gulker.com/2003/01/31.html" "Mozilla/4.0 (compatible; MSIE 5.05; Windows NT 3.51)"
63.148.99.232 - - [25/Mar/2003:15:18:36 -0800] "GET /2003/01/11.html HTTP/1.1" 200 19419 "http://www.gulker.com/2003/01/31.html" "Mozilla/4.0 (compatible; MSIE 5.05; Windows NT 5.0)"
63.148.99.232 - - [25/Mar/2003:15:18:46 -0800] "GET /2003/01/10.html HTTP/1.1" 200 21697 "http://www.gulker.com/2003/01/31.html" "Mozilla/4.0 (compatible; MSIE 6.0; Windows NT 5.0)"
63.148.99.232 - - [25/Mar/2003:15:18:46 -0800] "GET /2003/01/15.html HTTP/1.1" 200 15744 "http://www.gulker.com/2003/01/31.html" "Mozilla/4.0 (compatible; MSIE 5.05; Windows NT 5.0)"
63.148.99.233 - - [25/Mar/2003:15:18:51 -0800] "GET /blog/2002/01/30.html HTTP/1.1" 200 19090 "http://www.ridey.net/blog/2002/02/27.html" "Mozilla/4.0 (compatible; MSIE 5.05; Windows NT 5.0)"
63.148.99.233 - - [25/Mar/2003:15:18:54 -0800] "GET /blog/2002/02/10.html HTTP/1.1" 200 18031 "http://www.ridey.net/blog/2002/02/27.html" "Mozilla/4.0 (compatible; MSIE 6.0; Windows NT 5.0)"
63.148.99.232 - - [25/Mar/2003:15:19:05 -0800] "GET /2003/01/29.html HTTP/1.1" 200 24682 "http://www.gulker.com/2003/01/31.html" "Mozilla/4.0 (compatible; MSIE 5.05; Windows NT 4.0)"
63.148.99.232 - - [25/Mar/2003:15:19:09 -0800] "GET /2002/02/12.html HTTP/1.1" 200 15760 "http://www.gulker.com/2003/02/11.html" "Mozilla/4.0 (compatible; MSIE 6.0; Windows NT 5.0)"
63.148.99.232 - - [25/Mar/2003:15:19:18 -0800] "GET /2003/01/14.html HTTP/1.1" 200 17706 "http://www.gulker.com/2003/01/07.html" "Mozilla/4.0 (compatible; MSIE 5.05; Windows NT 4.0)"
63.148.99.232 - - [25/Mar/2003:15:19:21 -0800] "GET /2003/01/27.html HTTP/1.1" 200 23146 "http://www.gulker.com/2003/01/07.html" "Mozilla/4.0 (compatible; MSIE 5.05; Windows NT 4.0)"
63.148.99.232 - - [25/Mar/2003:15:19:28 -0800] "GET /2003/01/25.html HTTP/1.1" 200 19752 "http://www.gulker.com/2003/01/07.html" "Mozilla/4.0 (compatible; MSIE 5.05; Windows NT 5.0)"
63.148.99.233 - - [25/Mar/2003:15:19:31 -0800] "GET /blog/2002/02/07.html HTTP/1.1" 200 20869 "http://www.ridey.net/blog/2002/02/27.html" "Mozilla/4.0 (compatible; MSIE 5.05; Windows NT 3.51)"
63.148.99.232 - - [25/Mar/2003:15:19:32 -0800] "GET /2003/01/17.html HTTP/1.1" 200 17270 "http://www.gulker.com/2003/01/07.html" "Mozilla/4.0 (compatible; MSIE 6.0; Windows NT 5.0)"
63.148.99.233 - - [25/Mar/2003:15:19:32 -0800] "GET /blog/2002/12/19.html HTTP/1.1" 200 19778 "http://www.ridey.net/blog/2002/12/29.html" "Mozilla/4.0 (compatible; MSIE 5.05; Windows NT 4.0)"
63.148.99.232 - - [25/Mar/2003:15:19:40 -0800] "GET /2003/01/02.html HTTP/1.1" 200 15808 "http://www.gulker.com/2003/01/07.html" "Mozilla/4.0 (compatible; MSIE 5.05; Windows NT 4.0)"
63.148.99.232 - - [25/Mar/2003:15:19:51 -0800] "GET /2003/01/22.html HTTP/1.1" 200 17026 "http://www.gulker.com/2003/01/07.html" "Mozilla/4.0 (compatible; MSIE 5.05; Windows NT 4.0)"
63.148.99.232 - - [25/Mar/2003:15:19:52 -0800] "GET /2003/01/28.html HTTP/1.1" 200 22181 "http://www.gulker.com/2003/01/07.html" "Mozilla/4.0 (compatible; MSIE 5.05; Windows NT 3.51)"
63.148.99.232 - - [25/Mar/2003:15:19:56 -0800] "GET /2003/01/11.html HTTP/1.1" 200 19419 "http://www.gulker.com/2003/01/07.html" "Mozilla/4.0 (compatible; MSIE 5.05; Windows NT 3.51)"
63.148.99.232 - - [25/Mar/2003:15:19:59 -0800] "GET /2003/01/19.html HTTP/1.1" 200 15875 "http://www.gulker.com/2003/01/07.html" "Mozilla/4.0 (compatible; MSIE 5.05; Windows NT 3.51)"
63.148.99.233 - - [25/Mar/2003:15:20:02 -0800] "GET /blog/2002/12/28.html HTTP/1.1" 200 18493 "http://www.ridey.net/blog/2002/12/29.html" "Mozilla/4.0 (compatible; MSIE 5.05; Windows NT 3.51)"
63.148.99.233 - - [25/Mar/2003:15:20:02 -0800] "GET /blog/2002/12/23.html HTTP/1.1" 200 19027 "http://www.ridey.net/blog/2002/12/29.html" "Mozilla/4.0 (compatible; MSIE 5.05; Windows NT 3.51)"
63.148.99.232 - - [25/Mar/2003:15:20:05 -0800] "GET /2003/01/10.html HTTP/1.1" 200 21697 "http://www.gulker.com/2003/01/07.html" "Mozilla/4.0 (compatible; MSIE 5.05; Windows NT 4.0)"
63.148.99.232 - - [25/Mar/2003:15:20:07 -0800] "GET /2003/01/15.html HTTP/1.1" 200 15744 "http://www.gulker.com/2003/01/07.html" "Mozilla/4.0 (compatible; MSIE 5.05; Windows NT 4.0)"
63.148.99.232 - - [25/Mar/2003:15:20:16 -0800] "GET /2003/01/21.html HTTP/1.1" 200 17338 "http://www.gulker.com/2003/01/07.html" "Mozilla/4.0 (compatible; MSIE 6.0; Windows NT 5.0)"
63.148.99.232 - - [25/Mar/2003:15:20:16 -0800] "GET /2003/01/29.html HTTP/1.1" 200 24682 "http://www.gulker.com/2003/01/07.html" "Mozilla/4.0 (compatible; MSIE 5.05; Windows NT 4.0)"
63.148.99.232 - - [25/Mar/2003:15:20:23 -0800] "GET /2003/01/24.html HTTP/1.1" 200 19644 "http://www.gulker.com/2003/01/07.html" "Mozilla/4.0 (compatible; MSIE 6.0; Windows NT 5.0)"
63.148.99.232 - - [25/Mar/2003:15:20:24 -0800] "GET /2003/01/16.html HTTP/1.1" 200 20061 "http://www.gulker.com/2003/01/07.html" "Mozilla/4.0 (compatible; MSIE 5.05; Windows NT 4.0)"
63.148.99.233 - - [25/Mar/2003:15:20:30 -0800] "GET /blog/2002/12/25.html HTTP/1.1" 200 18575 "http://www.ridey.net/blog/2002/12/29.html" "Mozilla/4.0 (compatible; MSIE 6.0; Windows NT 5.0)"
63.148.99.233 - - [25/Mar/2003:15:20:31 -0800] "GET /blog/2002/12/27.html HTTP/1.1" 200 20113 "http://www.ridey.net/blog/2002/12/29.html" "Mozilla/4.0 (compatible; MSIE 5.05; Windows NT 5.0)"
63.148.99.232 - - [25/Mar/2003:15:20:37 -0800] "GET /2003/01/09.html HTTP/1.1" 200 17101 "http://www.gulker.com/2003/01/07.html" "Mozilla/4.0 (compatible; MSIE 6.0; Windows NT 5.0)"
63.148.99.232 - - [25/Mar/2003:15:20:37 -0800] "GET /2003/01/30.html HTTP/1.1" 200 15657 "http://www.gulker.com/2003/01/07.html" "Mozilla/4.0 (compatible; MSIE 5.05; Windows NT 3.51)"
63.148.99.232 - - [25/Mar/2003:15:20:48 -0800] "GET / HTTP/1.1" 200 11882 "http://www.gulker.com/2002/02/12.html" "Mozilla/4.0 (compatible; MSIE 5.05; Windows NT 5.0)"
63.148.99.233 - - [25/Mar/2003:15:20:49 -0800] "GET /blog/2002/11/28.html HTTP/1.1" 200 19421 "http://www.ridey.net/blog/2002/12/29.html" "Mozilla/4.0 (compatible; MSIE 5.05; Windows NT 4.0)"
63.148.99.232 - - [25/Mar/2003:15:20:51 -0800] "GET / HTTP/1.1" 200 761 "http://www.gulker.com/2002/02/12.html" "Mozilla/4.0 (compatible; MSIE 6.0; Windows NT 5.0)"
63.148.99.232 - - [25/Mar/2003:15:20:55 -0800] "GET /2003/01/20.html HTTP/1.1" 200 18609 "http://www.gulker.com/2003/01/07.html" "Mozilla/4.0 (compatible; MSIE 5.05; Windows NT 5.0)"
63.148.99.232 - - [25/Mar/2003:15:20:55 -0800] "GET /2003/01/07.html HTTP/1.1" 200 18274 "http://www.gulker.com/2003/01/14.html" "Mozilla/4.0 (compatible; MSIE 5.05; Windows NT 4.0)"
63.148.99.233 - - [25/Mar/2003:15:20:58 -0800] "GET /blog/2002/12/24.html HTTP/1.1" 200 18819 "http://www.ridey.net/blog/2002/12/29.html" "Mozilla/4.0 (compatible; MSIE 5.05; Windows NT 3.51)"
63.148.99.232 - - [25/Mar/2003:15:21:00 -0800] "GET /2003/01/26.html HTTP/1.1" 200 18232 "http://www.gulker.com/2003/01/14.html" "Mozilla/4.0 (compatible; MSIE 5.05; Windows NT 3.51)"
63.148.99.232 - - [25/Mar/2003:15:21:05 -0800] "GET /2002/02/16.html HTTP/1.1" 200 12225 "http://www.gulker.com/2002/02/12.html" "Mozilla/4.0 (compatible; MSIE 5.05; Windows NT 3.51)"
63.148.99.232 - - [25/Mar/2003:15:21:08 -0800] "GET /galleries/ HTTP/1.1" 200 802 "http://www.gulker.com/2002/02/12.html" "Mozilla/4.0 (compatible; MSIE 5.05; Windows NT 3.51)"
63.148.99.233 - - [25/Mar/2003:15:21:10 -0800] "GET /blog/2002/12/15.html HTTP/1.1" 200 20949 "http://www.ridey.net/blog/2002/12/29.html" "Mozilla/4.0 (compatible; MSIE 5.05; Windows NT 4.0)"
63.148.99.232 - - [25/Mar/2003:15:21:12 -0800] "GET /2002/02/26.html HTTP/1.1" 200 13264 "http://www.gulker.com/2002/02/12.html" "Mozilla/4.0 (compatible; MSIE 5.05; Windows NT 3.51)"
63.148.99.233 - - [25/Mar/2003:15:21:19 -0800] "GET /blog/2002/12/07.html HTTP/1.1" 200 19024 "http://www.ridey.net/blog/2002/12/29.html" "Mozilla/4.0 (compatible; MSIE 5.05; Windows NT 3.51)"
63.148.99.233 - - [25/Mar/2003:15:21:21 -0800] "GET /blog/2002/12/17.html HTTP/1.1" 200 18399 "http://www.ridey.net/blog/2002/12/29.html" "Mozilla/4.0 (compatible; MSIE 6.0; Windows NT 5.0)"
63.148.99.232 - - [25/Mar/2003:15:21:23 -0800] "GET /gulker/wirelessmp3 HTTP/1.1" 301 328 "http://www.gulker.com/2002/02/12.html" "Mozilla/4.0 (compatible; MSIE 5.05; Windows NT 3.51)"
63.148.99.232 - - [25/Mar/2003:15:21:23 -0800] "GET /2002/02/08.html HTTP/1.1" 200 16694 "http://www.gulker.com/2002/02/12.html" "Mozilla/4.0 (compatible; MSIE 5.05; Windows NT 4.0)"
63.148.99.232 - - [25/Mar/2003:15:21:29 -0800] "GET /2002/02/13.html HTTP/1.1" 200 12101 "http://www.gulker.com/2002/02/12.html" "Mozilla/4.0 (compatible; MSIE 5.05; Windows NT 3.51)"
63.148.99.232 - - [25/Mar/2003:15:21:31 -0800] "GET /2002/02/28.html HTTP/1.1" 200 12774 "http://www.gulker.com/2002/02/12.html" "Mozilla/4.0 (compatible; MSIE 6.0; Windows NT 5.0)"
63.148.99.232 - - [25/Mar/2003:15:21:34 -0800] "GET /2002/02/10.html HTTP/1.1" 200 13487 "http://www.gulker.com/2002/02/12.html" "Mozilla/4.0 (compatible; MSIE 5.05; Windows NT 4.0)"
63.148.99.233 - - [25/Mar/2003:15:21:34 -0800] "GET /blog/2002/12/12.html HTTP/1.1" 200 18445 "http://www.ridey.net/blog/2002/12/29.html" "Mozilla/4.0 (compatible; MSIE 5.05; Windows NT 4.0)"
63.148.99.233 - - [25/Mar/2003:15:21:38 -0800] "GET /blog/2002/12/01.html HTTP/1.1" 200 19053 "http://www.ridey.net/blog/2002/12/29.html" "Mozilla/4.0 (compatible; MSIE 5.05; Windows NT 5.0)"
63.148.99.232 - - [25/Mar/2003:15:21:44 -0800] "GET /2002/02/15.html HTTP/1.1" 200 11641 "http://www.gulker.com/2002/02/12.html" "Mozilla/4.0 (compatible; MSIE 5.05; Windows NT 5.0)"
63.148.99.233 - - [25/Mar/2003:15:21:49 -0800] "GET / HTTP/1.1" 200 7719 "http://www.ridey.net/blog/2003/01/12.html" "Mozilla/4.0 (compatible; MSIE 5.05; Windows NT 3.51)"
63.148.99.233 - - [25/Mar/2003:15:21:52 -0800] "GET /blog/2002/12/16.html HTTP/1.1" 200 20055 "http://www.ridey.net/blog/2002/12/29.html" "Mozilla/4.0 (compatible; MSIE 5.05; Windows NT 4.0)"
63.148.99.232 - - [25/Mar/2003:15:21:57 -0800] "GET /gulker/wirelessweb HTTP/1.1" 301 328 "http://www.gulker.com/2002/02/12.html" "Mozilla/4.0 (compatible; MSIE 6.0; Windows NT 5.0)"
63.148.99.232 - - [25/Mar/2003:15:21:58 -0800] "GET /2002/02/19.html HTTP/1.1" 200 11746 "http://www.gulker.com/2002/02/12.html" "Mozilla/4.0 (compatible; MSIE 5.05; Windows NT 5.0)"
63.148.99.233 - - [25/Mar/2003:15:22:00 -0800] "GET /blog/2002/11/16.html HTTP/1.1" 200 19265 "http://www.ridey.net/blog/2002/11/28.html" "Mozilla/4.0 (compatible; MSIE 6.0; Windows NT 5.0)"
63.148.99.232 - - [25/Mar/2003:15:22:04 -0800] "GET /2002/02/21.html HTTP/1.1" 200 12255 "http://www.gulker.com/2002/02/12.html" "Mozilla/4.0 (compatible; MSIE 5.05; Windows NT 4.0)"
63.148.99.232 - - [25/Mar/2003:15:22:07 -0800] "GET /www.independent.co.uk/ HTTP/1.1" 404 299 "http://www.gulker.net/" "Mozilla/4.0 (compatible; MSIE 5.05; Windows NT 3.51)"
63.148.99.232 - - [25/Mar/2003:15:22:08 -0800] "GET /gulker/racks HTTP/1.1" 301 322 "http://www.gulker.com/2002/02/12.html" "Mozilla/4.0 (compatible; MSIE 5.05; Windows NT 5.0)"
63.148.99.233 - - [25/Mar/2003:15:22:09 -0800] "GET /blog/2002/11/17.html HTTP/1.1" 200 18527 "http://www.ridey.net/blog/2002/11/28.html" "Mozilla/4.0 (compatible; MSIE 5.05; Windows NT 4.0)"
63.148.99.232 - - [25/Mar/2003:15:22:12 -0800] "GET /2002/02/17.html HTTP/1.1" 200 13178 "http://www.gulker.com/2002/02/12.html" "Mozilla/4.0 (compatible; MSIE 5.05; Windows NT 3.51)"
63.148.99.233 - - [25/Mar/2003:15:22:13 -0800] "GET /blog/2002/11/22.html HTTP/1.1" 200 19671 "http://www.ridey.net/blog/2002/11/28.html" "Mozilla/4.0 (compatible; MSIE 5.05; Windows NT 5.0)"
63.148.99.232 - - [25/Mar/2003:15:22:18 -0800] "GET /2002/02/24.html HTTP/1.1" 200 12097 "http://www.gulker.com/2002/02/12.html" "Mozilla/4.0 (compatible; MSIE 5.05; Windows NT 5.0)"
63.148.99.232 - - [25/Mar/2003:15:22:19 -0800] "GET /2002/02/27.html HTTP/1.1" 200 14741 "http://www.gulker.com/2002/02/12.html" "Mozilla/4.0 (compatible; MSIE 5.05; Windows NT 5.0)"
63.148.99.233 - - [25/Mar/2003:15:22:21 -0800] "GET /blog/2002/11/12.html HTTP/1.1" 200 18867 "http://www.ridey.net/blog/2002/11/28.html" "Mozilla/4.0 (compatible; MSIE 5.05; Windows NT 5.0)"
63.148.99.232 - - [25/Mar/2003:15:22:26 -0800] "GET /2002/02/09.html HTTP/1.1" 200 15325 "http://www.gulker.com/2002/02/12.html" "Mozilla/4.0 (compatible; MSIE 5.05; Windows NT 3.51)"
63.148.99.232 - - [25/Mar/2003:15:22:26 -0800] "GET /2002/01/28.html HTTP/1.1" 200 11210 "http://www.gulker.com/2002/02/12.html" "Mozilla/4.0 (compatible; MSIE 6.0; Windows NT 5.0)"
63.148.99.233 - - [25/Mar/2003:15:22:29 -0800] "GET /blog/2002/11/02.html HTTP/1.1" 200 18112 "http://www.ridey.net/blog/2002/11/28.html" "Mozilla/4.0 (compatible; MSIE 5.05; Windows NT 5.0)"
63.148.99.232 - - [25/Mar/2003:15:22:37 -0800] "GET /2002/02/14.html HTTP/1.1" 200 12127 "http://www.gulker.com/2002/02/12.html" "Mozilla/4.0 (compatible; MSIE 5.05; Windows NT 3.51)"
63.148.99.232 - - [25/Mar/2003:15:22:37 -0800] "GET /2002/02/20.html HTTP/1.1" 200 13254 "http://www.gulker.com/2002/02/12.html" "Mozilla/4.0 (compatible; MSIE 5.05; Windows NT 4.0)"
63.148.99.232 - - [25/Mar/2003:15:22:45 -0800] "GET /2002/02/25.html HTTP/1.1" 200 11621 "http://www.gulker.com/2002/02/12.html" "Mozilla/4.0 (compatible; MSIE 5.05; Windows NT 3.51)"
63.148.99.233 - - [25/Mar/2003:15:22:46 -0800] "GET /blog/2002/10/29.html HTTP/1.1" 200 18104 "http://www.ridey.net/blog/2002/11/28.html" "Mozilla/4.0 (compatible; MSIE 5.05; Windows NT 5.0)"
63.148.99.232 - - [25/Mar/2003:15:22:53 -0800] "GET /galleries/?S=A HTTP/1.1" 200 802 "http://www.gulker.com/galleries/" "Mozilla/4.0 (compatible; MSIE 5.05; Windows NT 3.51)"
63.148.99.232 - - [25/Mar/2003:15:23:05 -0800] "GET /galleries/?D=A HTTP/1.1" 200 802 "http://www.gulker.com/galleries/" "Mozilla/4.0 (compatible; MSIE 5.05; Windows NT 3.51)"
63.148.99.232 - - [25/Mar/2003:15:23:10 -0800] "GET /galleries/?N=D HTTP/1.1" 200 802 "http://www.gulker.com/galleries/" "Mozilla/4.0 (compatible; MSIE 5.05; Windows NT 5.0)"
63.148.99.232 - - [25/Mar/2003:15:23:14 -0800] "GET /galleries/?M=A HTTP/1.1" 200 802 "http://www.gulker.com/galleries/" "Mozilla/4.0 (compatible; MSIE 6.0; Windows NT 5.0)"
63.148.99.233 - - [25/Mar/2003:15:23:25 -0800] "GET /blog/2002/gate/album/index.html HTTP/1.1" 404 307 "http://www.ridey.net/blog/2002/11/02.html" "Mozilla/4.0 (compatible; MSIE 5.05; Windows NT 5.0)"
63.148.99.232 - - [25/Mar/2003:15:23:28 -0800] "GET /gulker/wirelessmp3/ HTTP/1.1" 200 7502 "http://www.gulker.com/gulker/wirelessmp3" "Mozilla/4.0 (compatible; MSIE 6.0; Windows NT 5.0)"
63.148.99.232 - - [25/Mar/2003:15:23:35 -0800] "GET /gulker/wirelessweb/ HTTP/1.1" 200 2001 "http://www.gulker.com/gulker/wirelessweb" "Mozilla/4.0 (compatible; MSIE 5.05; Windows NT 4.0)"
63.148.99.232 - - [25/Mar/2003:15:23:42 -0800] "GET /gulker/racks/ HTTP/1.1" 200 4690 "http://www.gulker.com/gulker/racks" "Mozilla/4.0 (compatible; MSIE 5.05; Windows NT 3.51)"
63.148.99.232 - - [25/Mar/2003:15:23:51 -0800] "GET /2002/01/14.html HTTP/1.1" 200 13024 "http://www.gulker.com/2002/01/28.html" "Mozilla/4.0 (compatible; MSIE 5.05; Windows NT 4.0)"
63.148.99.232 - - [25/Mar/2003:15:23:55 -0800] "GET /2002/01/19.html HTTP/1.1" 200 11486 "http://www.gulker.com/2002/01/28.html" "Mozilla/4.0 (compatible; MSIE 5.05; Windows NT 4.0)"
63.148.99.232 - - [25/Mar/2003:15:23:58 -0800] "GET /galleries/index.search HTTP/1.1" 200 278528 "http://www.gulker.com/galleries/" "Mozilla/4.0 (compatible; MSIE 5.05; Windows NT 3.51)"
63.148.99.232 - - [25/Mar/2003:15:24:09 -0800] "GET /galleries/?N=A HTTP/1.1" 200 802 "http://www.gulker.com/galleries/?S=A" "Mozilla/4.0 (compatible; MSIE 5.05; Windows NT 5.0)"
63.148.99.232 - - [25/Mar/2003:15:24:11 -0800] "GET /galleries/?S=D HTTP/1.1" 200 802 "http://www.gulker.com/galleries/?S=A" "Mozilla/4.0 (compatible; MSIE 6.0; Windows NT 5.0)"
63.148.99.232 - - [25/Mar/2003:15:24:29 -0800] "GET /galleries/?D=D HTTP/1.1" 200 802 "http://www.gulker.com/galleries/?D=A" "Mozilla/4.0 (compatible; MSIE 5.05; Windows NT 3.51)"
63.148.99.232 - - [25/Mar/2003:15:24:43 -0800] "GET /galleries/?M=D HTTP/1.1" 200 802 "http://www.gulker.com/galleries/?M=A" "Mozilla/4.0 (compatible; MSIE 5.05; Windows NT 4.0)"
63.148.99.232 - - [25/Mar/2003:15:24:55 -0800] "GET /gulker/wirelessmp3/household.html HTTP/1.1" 200 2009 "http://www.gulker.com/gulker/wirelessmp3/" "Mozilla/4.0 (compatible; MSIE 6.0; Windows NT 5.0)"
63.148.99.232 - - [25/Mar/2003:15:24:57 -0800] "GET /gulker/wirelessweb/penguin_server_pix_pag.html HTTP/1.1" 200 1216 "http://www.gulker.com/gulker/wirelessweb/" "Mozilla/4.0 (compatible; MSIE 5.05; Windows NT 4.0)"
63.148.99.232 - - [25/Mar/2003:15:26:08 -0800] "GET /2003/01/18.html HTTP/1.1" 200 16933 "http://www.gulker.com/2003/01/07.html" "Mozilla/4.0 (compatible; MSIE 6.0; Windows NT 5.0)"
63.148.99.232 - - [25/Mar/2003:15:26:28 -0800] "GET /gulker/wirelessmp3/index.html HTTP/1.1" 200 7502 "http://www.gulker.com/gulker/wirelessmp3/household.html" "Mozilla/4.0 (compatible; MSIE 5.05; Windows NT 5.0)"
63.148.99.233 - - [25/Mar/2003:17:13:43 -0800] "GET /blog/2002/12/27.html HTTP/1.1" 200 20113 "http://www.ridey.net/blog/2002/12/01.html" "Mozilla/4.0 (compatible; MSIE 5.05; Windows NT 3.51)"
63.148.99.233 - - [25/Mar/2003:17:13:48 -0800] "GET /blog/2002/12/07.html HTTP/1.1" 200 19024 "http://www.ridey.net/blog/2002/12/01.html" "Mozilla/4.0 (compatible; MSIE 6.0; Windows NT 5.0)"
63.148.99.233 - - [25/Mar/2003:17:13:52 -0800] "GET /blog/2002/12/23.html HTTP/1.1" 200 19027 "http://www.ridey.net/blog/2002/12/01.html" "Mozilla/4.0 (compatible; MSIE 5.05; Windows NT 4.0)"
63.148.99.233 - - [25/Mar/2003:17:13:58 -0800] "GET /blog/2002/12/24.html HTTP/1.1" 200 18819 "http://www.ridey.net/blog/2002/12/01.html" "Mozilla/4.0 (compatible; MSIE 5.05; Windows NT 5.0)"
63.148.99.233 - - [25/Mar/2003:17:14:07 -0800] "GET /blog/2002/12/01.html HTTP/1.1" 200 19053 "http://www.ridey.net/blog/2002/12/15.html" "Mozilla/4.0 (compatible; MSIE 6.0; Windows NT 5.0)"
63.148.99.233 - - [25/Mar/2003:17:14:07 -0800] "GET /blog/2003/01/01.html HTTP/1.1" 200 20762 "http://www.ridey.net/blog/2002/12/01.html" "Mozilla/4.0 (compatible; MSIE 5.05; Windows NT 4.0)"
63.148.99.233 - - [25/Mar/2003:17:14:18 -0800] "GET /blog/2002/12/16.html HTTP/1.1" 200 20055 "http://www.ridey.net/blog/2002/12/01.html" "Mozilla/4.0 (compatible; MSIE 5.05; Windows NT 4.0)"
63.148.99.233 - - [25/Mar/2003:17:14:22 -0800] "GET /blog/2002/12/28.html HTTP/1.1" 200 18493 "http://www.ridey.net/blog/2002/12/01.html" "Mozilla/4.0 (compatible; MSIE 6.0; Windows NT 5.0)"
63.148.99.233 - - [25/Mar/2003:17:14:32 -0800] "GET /blog/2002/12/12.html HTTP/1.1" 200 18445 "http://www.ridey.net/blog/2002/12/01.html" "Mozilla/4.0 (compatible; MSIE 6.0; Windows NT 5.0)"
63.148.99.233 - - [25/Mar/2003:17:15:00 -0800] "GET /blog/2002/12/25.html HTTP/1.1" 200 18575 "http://www.ridey.net/blog/2002/12/01.html" "Mozilla/4.0 (compatible; MSIE 5.05; Windows NT 3.51)"
63.148.99.233 - - [25/Mar/2003:17:15:03 -0800] "GET /blog/2002/11/28.html HTTP/1.1" 200 19421 "http://www.ridey.net/blog/2002/12/01.html" "Mozilla/4.0 (compatible; MSIE 6.0; Windows NT 5.0)"
63.148.99.233 - - [25/Mar/2003:17:15:12 -0800] "GET /blog/2002/12/29.html HTTP/1.1" 200 18908 "http://www.ridey.net/blog/2002/12/01.html" "Mozilla/4.0 (compatible; MSIE 5.05; Windows NT 5.0)"
63.148.99.233 - - [25/Mar/2003:17:15:17 -0800] "GET /blog/2002/12/17.html HTTP/1.1" 200 18399 "http://www.ridey.net/blog/2002/12/01.html" "Mozilla/4.0 (compatible; MSIE 5.05; Windows NT 3.51)"
63.148.99.233 - - [25/Mar/2003:17:15:25 -0800] "GET /blog/2002/12/15.html HTTP/1.1" 200 20949 "http://www.ridey.net/blog/2002/12/01.html" "Mozilla/4.0 (compatible; MSIE 5.05; Windows NT 3.51)"
63.148.99.233 - - [25/Mar/2003:17:21:06 -0800] "GET /blog/2002/10/10.html HTTP/1.1" 200 18341 "http://www.ridey.net/blog/2002/10/29.html" "Mozilla/4.0 (compatible; MSIE 6.0; Windows NT 5.0)"
63.148.99.233 - - [25/Mar/2003:17:21:09 -0800] "GET /blog/2002/09/29.html HTTP/1.1" 200 18478 "http://www.ridey.net/blog/2002/10/29.html" "Mozilla/4.0 (compatible; MSIE 6.0; Windows NT 5.0)"
63.148.99.233 - - [25/Mar/2003:17:21:09 -0800] "GET /blog/2002/10/27.html HTTP/1.1" 200 18602 "http://www.ridey.net/blog/2002/10/29.html" "Mozilla/4.0 (compatible; MSIE 5.05; Windows NT 4.0)"
63.148.99.233 - - [25/Mar/2003:17:21:19 -0800] "GET /blog/2002/10/05.html HTTP/1.1" 200 18163 "http://www.ridey.net/blog/2002/10/29.html" "Mozilla/4.0 (compatible; MSIE 6.0; Windows NT 5.0)"
63.148.99.233 - - [25/Mar/2003:17:22:18 -0800] "GET /blog/2002/09/11.html HTTP/1.1" 200 18208 "http://www.ridey.net/blog/2002/09/29.html" "Mozilla/4.0 (compatible; MSIE 5.05; Windows NT 4.0)"
63.148.99.233 - - [25/Mar/2003:17:22:21 -0800] "GET /blog/2002/09/16.html HTTP/1.1" 200 18523 "http://www.ridey.net/blog/2002/09/29.html" "Mozilla/4.0 (compatible; MSIE 5.05; Windows NT 5.0)"
63.148.99.233 - - [25/Mar/2003:17:22:29 -0800] "GET /blog/2002/09/10.html HTTP/1.1" 200 18457 "http://www.ridey.net/blog/2002/09/29.html" "Mozilla/4.0 (compatible; MSIE 5.05; Windows NT 4.0)"
63.148.99.233 - - [25/Mar/2003:17:22:29 -0800] "GET /blog/2002/09/01.html HTTP/1.1" 200 18398 "http://www.ridey.net/blog/2002/09/29.html" "Mozilla/4.0 (compatible; MSIE 5.05; Windows NT 3.51)"
63.148.99.233 - - [25/Mar/2003:17:22:33 -0800] "GET /blog/2002/08/27.html HTTP/1.1" 200 18296 "http://www.ridey.net/blog/2002/09/29.html" "Mozilla/4.0 (compatible; MSIE 6.0; Windows NT 5.0)"
63.148.99.233 - - [25/Mar/2003:17:22:51 -0800] "GET /blog/2002/09/23.html HTTP/1.1" 200 18359 "http://www.ridey.net/blog/2002/09/29.html" "Mozilla/4.0 (compatible; MSIE 5.05; Windows NT 5.0)"
63.148.99.233 - - [25/Mar/2003:17:22:51 -0800] "GET /blog/2002/09/07.html HTTP/1.1" 200 18520 "http://www.ridey.net/blog/2002/09/29.html" "Mozilla/4.0 (compatible; MSIE 5.05; Windows NT 3.51)"
63.148.99.233 - - [25/Mar/2003:17:24:33 -0800] "GET /blog/2002/08/01.html HTTP/1.1" 200 18273 "http://www.ridey.net/blog/2002/08/27.html" "Mozilla/4.0 (compatible; MSIE 6.0; Windows NT 5.0)"
63.148.99.233 - - [25/Mar/2003:17:24:33 -0800] "GET /blog/2002/08/22.html HTTP/1.1" 200 18311 "http://www.ridey.net/blog/2002/08/27.html" "Mozilla/4.0 (compatible; MSIE 5.05; Windows NT 4.0)"
63.148.99.233 - - [25/Mar/2003:17:24:49 -0800] "GET /blog/2002/07/15.html HTTP/1.1" 200 21057 "http://www.ridey.net/blog/2002/08/27.html" "Mozilla/4.0 (compatible; MSIE 5.05; Windows NT 4.0)"
63.148.99.233 - - [25/Mar/2003:17:25:44 -0800] "GET /blog/2002/07/13.html HTTP/1.1" 200 18054 "http://www.ridey.net/blog/2002/07/15.html" "Mozilla/4.0 (compatible; MSIE 6.0; Windows NT 5.0)"
63.148.99.233 - - [25/Mar/2003:17:25:44 -0800] "GET /blog/2002/06/26.html HTTP/1.1" 200 18646 "http://www.ridey.net/blog/2002/07/15.html" "Mozilla/4.0 (compatible; MSIE 5.05; Windows NT 3.51)"
63.148.99.233 - - [25/Mar/2003:17:26:10 -0800] "GET /blog/timelapse.html HTTP/1.1" 200 1258 "http://www.ridey.net/blog/2002/07/15.html" "Mozilla/4.0 (compatible; MSIE 6.0; Windows NT 5.0)"
63.148.99.233 - - [25/Mar/2003:17:26:10 -0800] "GET /blog/2002/07/07.html HTTP/1.1" 200 18355 "http://www.ridey.net/blog/2002/07/15.html" "Mozilla/4.0 (compatible; MSIE 6.0; Windows NT 5.0)"
63.148.99.233 - - [25/Mar/2003:17:27:01 -0800] "GET /blog/2002/05/25.html HTTP/1.1" 200 18116 "http://www.ridey.net/blog/2002/06/26.html" "Mozilla/4.0 (compatible; MSIE 5.05; Windows NT 5.0)"
63.148.99.233 - - [25/Mar/2003:17:27:04 -0800] "GET /blog/2002/06/21.html HTTP/1.1" 200 18720 "http://www.ridey.net/blog/2002/06/26.html" "Mozilla/4.0 (compatible; MSIE 5.05; Windows NT 3.51)"
63.148.99.233 - - [25/Mar/2003:17:27:12 -0800] "GET /blog/2002/06/07.html HTTP/1.1" 200 18768 "http://www.ridey.net/blog/2002/06/26.html" "Mozilla/4.0 (compatible; MSIE 5.05; Windows NT 4.0)"
63.148.99.233 - - [25/Mar/2003:17:27:17 -0800] "GET /blog/2002/06/25.html HTTP/1.1" 200 18433 "http://www.ridey.net/blog/2002/06/26.html" "Mozilla/4.0 (compatible; MSIE 5.05; Windows NT 4.0)"
63.148.99.233 - - [25/Mar/2003:17:27:27 -0800] "GET /blog/2002/06/06.html HTTP/1.1" 200 20550 "http://www.ridey.net/blog/2002/06/26.html" "Mozilla/4.0 (compatible; MSIE 5.05; Windows NT 5.0)"
63.148.99.233 - - [25/Mar/2003:17:27:29 -0800] "GET /blog/2002/06/20.html HTTP/1.1" 200 22849 "http://www.ridey.net/blog/2002/06/26.html" "Mozilla/4.0 (compatible; MSIE 5.05; Windows NT 4.0)"
63.148.99.233 - - [25/Mar/2003:17:27:46 -0800] "GET /gate/archive.html HTTP/1.1" 401 479 "http://www.ridey.net/blog/timelapse.html" "Mozilla/4.0 (compatible; MSIE 5.05; Windows NT 4.0)"
63.148.99.233 - - [25/Mar/2003:17:27:48 -0800] "GET /index.html HTTP/1.1" 200 7719 "http://www.ridey.net/blog/timelapse.html" "Mozilla/4.0 (compatible; MSIE 5.05; Windows NT 3.51)"
63.148.99.233 - - [25/Mar/2003:17:27:53 -0800] "GET /gate/album/index.html HTTP/1.1" 401 479 "http://www.ridey.net/blog/timelapse.html" "Mozilla/4.0 (compatible; MSIE 5.05; Windows NT 3.51)"
63.148.99.233 - - [25/Mar/2003:17:38:15 -0800] "GET /blog/2002/08/03.html HTTP/1.1" 200 18301 "http://www.ridey.net/blog/2002/08/27.html" "Mozilla/4.0 (compatible; MSIE 5.05; Windows NT 3.51)"
63.148.99.232 - - [03/Apr/2003:04:21:10 -0800] "GET /categories/text/ HTTP/1.1" 200 99799 "http://organica.us/sources?url_id=3168228" "Mozilla/4.0 (compatible; MSIE 5.05; Windows NT 3.51)"
63.148.99.232 - - [03/Apr/2003:07:10:25 -0800] "GET /categories/text/ HTTP/1.1" 200 99799 "http://organica.us/sources?url_id=3313315" "Mozilla/4.0 (compatible; MSIE 6.0; Windows NT 5.0)"
63.148.99.232 - - [03/Apr/2003:07:11:52 -0800] "GET /categories/text/2003/03/31.html HTTP/1.1" 200 29451 "http://www.gulker.com/categories/text/" "Mozilla/4.0 (compatible; MSIE 5.05; Windows NT 5.0)"
63.148.99.232 - - [03/Apr/2003:07:11:52 -0800] "GET /categories/text/2003/04/02.html HTTP/1.1" 200 17072 "http://www.gulker.com/categories/text/" "Mozilla/4.0 (compatible; MSIE 5.05; Windows NT 4.0)"
63.148.99.232 - - [03/Apr/2003:07:12:23 -0800] "GET /categories/text/rss.xml HTTP/1.1" 200 25319 "http://www.gulker.com/categories/text/" "Mozilla/4.0 (compatible; MSIE 5.05; Windows NT 3.51)"
63.148.99.232 - - [03/Apr/2003:07:13:26 -0800] "GET /2003/04/01.html HTTP/1.1" 200 23919 "http://www.gulker.com/categories/text/2003/04/02.html" "Mozilla/4.0 (compatible; MSIE 5.05; Windows NT 3.51)"
63.148.99.232 - - [03/Apr/2003:07:13:29 -0800] "GET /2003/03/31.html HTTP/1.1" 200 30328 "http://www.gulker.com/categories/text/2003/04/02.html" "Mozilla/4.0 (compatible; MSIE 6.0; Windows NT 5.0)"
63.148.99.232 - - [03/Apr/2003:07:15:31 -0800] "GET /2003/04/02.html HTTP/1.1" 200 19653 "http://www.gulker.com/2003/04/01.html" "Mozilla/4.0 (compatible; MSIE 5.05; Windows NT 4.0)"
63.148.99.232 - - [04/Apr/2003:06:48:26 -0800] "GET /2002/03/22.html HTTP/1.1" 200 19005 "http://scriptingnews.userland.com/2002/03/22" "Mozilla/4.0 (compatible; MSIE 5.05; Windows NT 5.0)"
63.148.99.232 - - [04/Apr/2003:06:49:51 -0800] "GET /2002/03/28.html HTTP/1.1" 200 12499 "http://www.gulker.com/2002/03/22.html" "Mozilla/4.0 (compatible; MSIE 5.05; Windows NT 5.0)"
63.148.99.232 - - [04/Apr/2003:06:49:55 -0800] "GET /2002/03/07.html HTTP/1.1" 200 12361 "http://www.gulker.com/2002/03/22.html" "Mozilla/4.0 (compatible; MSIE 5.05; Windows NT 4.0)"
63.148.99.232 - - [04/Apr/2003:06:49:58 -0800] "GET /2002/03/25.html HTTP/1.1" 200 16557 "http://www.gulker.com/2002/03/22.html" "Mozilla/4.0 (compatible; MSIE 5.05; Windows NT 4.0)"
63.148.99.232 - - [04/Apr/2003:06:49:59 -0800] "GET /dotcom_garden/virtual_serenity.html HTTP/1.1" 200 849 "http://www.gulker.com/2002/03/22.html" "Mozilla/4.0 (compatible; MSIE 5.05; Windows NT 4.0)"
63.148.99.232 - - [04/Apr/2003:06:50:01 -0800] "GET /2002/03/26.html HTTP/1.1" 200 13802 "http://www.gulker.com/2002/03/22.html" "Mozilla/4.0 (compatible; MSIE 5.05; Windows NT 5.0)"
63.148.99.232 - - [04/Apr/2003:06:50:01 -0800] "GET /2002/03/23.html HTTP/1.1" 200 12647 "http://www.gulker.com/2002/03/22.html" "Mozilla/4.0 (compatible; MSIE 5.05; Windows NT 5.0)"
63.148.99.232 - - [04/Apr/2003:07:09:40 -0800] "GET /2003/04/03.html HTTP/1.1" 200 25605 "http://www.daypop.com/cached?q=political%20web%20sites&url=http://www.gulker.com/&time=20030403140056" "Mozilla/4.0 (compatible; MSIE 5.05; Windows NT 5.0)"
63.148.99.232 - - [06/Apr/2003:19:09:08 -0700] "GET /ra/millennium.html HTTP/1.1" 200 7674 "http://doc.weblogs.com/2003/02/06" "Mozilla/4.0 (compatible; MSIE 5.05; Windows NT 5.0)"
63.148.99.232 - - [08/Apr/2003:08:13:43 -0700] "GET /2002/04/08.html HTTP/1.1" 200 17142 "http://scriptingnews.userland.com/2002/04/09" "Mozilla/4.0 (compatible; MSIE 6.0; Windows NT 5.0)"
63.148.99.247 - - [08/Apr/2003:19:38:43 -0700] "GET / HTTP/1.0" 200 2123 "-" "Mozilla/4.0 (compatible; MSIE 5.01; Windows NT 5.0)"
63.148.99.247 - - [08/Apr/2003:19:38:47 -0700] "GET /_clients.html HTTP/1.0" 200 350 "-" "Mozilla/4.0 (compatible; MSIE 5.01; Windows NT 5.0)"
63.148.99.247 - - [08/Apr/2003:19:38:52 -0700] "GET /_testimonials.html HTTP/1.0" 200 355 "-" "Mozilla/4.0 (compatible; MSIE 5.01; Windows NT 5.0)"
63.148.99.247 - - [08/Apr/2003:19:38:55 -0700] "GET /_current.html HTTP/1.0" 200 350 "-" "Mozilla/4.0 (compatible; MSIE 5.01; Windows NT 5.0)"
63.148.99.247 - - [08/Apr/2003:19:38:59 -0700] "GET /_retrospective.html HTTP/1.0" 200 356 "-" "Mozilla/4.0 (compatible; MSIE 5.01; Windows NT 5.0)"
63.148.99.247 - - [08/Apr/2003:19:39:02 -0700] "GET /left.html HTTP/1.0" 200 788 "-" "Mozilla/4.0 (compatible; MSIE 5.01; Windows NT 5.0)"
63.148.99.247 - - [08/Apr/2003:19:39:06 -0700] "GET /clients.html HTTP/1.0" 200 4336 "-" "Mozilla/4.0 (compatible; MSIE 5.01; Windows NT 5.0)"
63.148.99.247 - - [08/Apr/2003:19:39:11 -0700] "GET /testimonials.html HTTP/1.0" 200 2249 "-" "Mozilla/4.0 (compatible; MSIE 5.01; Windows NT 5.0)"
63.148.99.247 - - [08/Apr/2003:19:39:14 -0700] "GET /current.html HTTP/1.0" 200 2010 "-" "Mozilla/4.0 (compatible; MSIE 5.01; Windows NT 5.0)"
63.148.99.247 - - [08/Apr/2003:19:39:18 -0700] "GET /retrospective.html HTTP/1.0" 200 1887 "-" "Mozilla/4.0 (compatible; MSIE 5.01; Windows NT 5.0)"
63.148.99.247 - - [08/Apr/2003:19:39:22 -0700] "GET /index.html HTTP/1.0" 200 2123 "-" "Mozilla/4.0 (compatible; MSIE 5.01; Windows NT 5.0)"
63.148.99.229 - - [10/Apr/2003:00:42:11 -0700] "GET / HTTP/1.0" 200 72157 "-" "Mozilla/4.0 (compatible; MSIE 5.01; Windows NT 5.0)"
63.148.99.229 - - [10/Apr/2003:00:42:16 -0700] "GET /ttp:/www.google.com/search/ HTTP/1.0" 404 292 "-" "Mozilla/4.0 (compatible; MSIE 5.01; Windows NT 5.0)"
63.148.99.229 - - [10/Apr/2003:00:42:19 -0700] "GET /ttp:/uptime.netcraft.com/up/graph/ HTTP/1.0" 404 299 "-" "Mozilla/4.0 (compatible; MSIE 5.01; Windows NT 5.0)"
63.148.99.229 - - [10/Apr/2003:00:42:23 -0700] "GET /about.html HTTP/1.0" 404 275 "-" "Mozilla/4.0 (compatible; MSIE 5.01; Windows NT 5.0)"
63.148.99.229 - - [10/Apr/2003:00:42:26 -0700] "GET /bio.html HTTP/1.0" 200 6313 "-" "Mozilla/4.0 (compatible; MSIE 5.01; Windows NT 5.0)"
63.148.99.229 - - [10/Apr/2003:00:42:32 -0700] "GET /2003/04/01.html HTTP/1.0" 200 24747 "-" "Mozilla/4.0 (compatible; MSIE 5.01; Windows NT 5.0)"
63.148.99.229 - - [10/Apr/2003:00:42:37 -0700] "GET /2003/04/02.html HTTP/1.0" 200 20481 "-" "Mozilla/4.0 (compatible; MSIE 5.01; Windows NT 5.0)"
63.148.99.229 - - [10/Apr/2003:00:42:42 -0700] "GET /2003/04/03.html HTTP/1.0" 200 26749 "-" "Mozilla/4.0 (compatible; MSIE 5.01; Windows NT 5.0)"
63.148.99.229 - - [10/Apr/2003:00:42:47 -0700] "GET /2003/04/04.html HTTP/1.0" 200 34438 "-" "Mozilla/4.0 (compatible; MSIE 5.01; Windows NT 5.0)"
63.148.99.229 - - [10/Apr/2003:00:42:52 -0700] "GET /2003/04/05.html HTTP/1.0" 200 18623 "-" "Mozilla/4.0 (compatible; MSIE 5.01; Windows NT 5.0)"
63.148.99.229 - - [10/Apr/2003:00:42:56 -0700] "GET /2003/04/06.html HTTP/1.0" 200 16251 "-" "Mozilla/4.0 (compatible; MSIE 5.01; Windows NT 5.0)"
63.148.99.229 - - [10/Apr/2003:00:43:01 -0700] "GET /2003/04/07.html HTTP/1.0" 200 20082 "-" "Mozilla/4.0 (compatible; MSIE 5.01; Windows NT 5.0)"
63.148.99.229 - - [10/Apr/2003:00:43:06 -0700] "GET /2003/04/08.html HTTP/1.0" 200 22576 "-" "Mozilla/4.0 (compatible; MSIE 5.01; Windows NT 5.0)"
63.148.99.229 - - [10/Apr/2003:00:43:10 -0700] "GET /2003/03/31.html HTTP/1.0" 200 30327 "-" "Mozilla/4.0 (compatible; MSIE 5.01; Windows NT 5.0)"
63.148.99.229 - - [10/Apr/2003:00:43:15 -0700] "GET /dotcom_garden/ HTTP/1.0" 200 4009 "-" "Mozilla/4.0 (compatible; MSIE 5.01; Windows NT 5.0)"
63.148.99.229 - - [10/Apr/2003:00:43:21 -0700] "GET /cam/ HTTP/1.0" 200 1383 "-" "Mozilla/4.0 (compatible; MSIE 5.01; Windows NT 5.0)"
63.148.99.229 - - [10/Apr/2003:00:43:25 -0700] "GET /random.ra.fcgi HTTP/1.0" 404 279 "-" "Mozilla/4.0 (compatible; MSIE 5.01; Windows NT 5.0)"
63.148.99.229 - - [10/Apr/2003:00:43:28 -0700] "GET /gulker/resume.html HTTP/1.0" 200 8391 "-" "Mozilla/4.0 (compatible; MSIE 5.01; Windows NT 5.0)"
63.148.99.229 - - [10/Apr/2003:00:43:32 -0700] "GET /gulker/images/cgpix/ HTTP/1.0" 200 6907 "-" "Mozilla/4.0 (compatible; MSIE 5.01; Windows NT 5.0)"
63.148.99.229 - - [10/Apr/2003:00:43:35 -0700] "GET /gulker/speaking.html HTTP/1.0" 200 10886 "-" "Mozilla/4.0 (compatible; MSIE 5.01; Windows NT 5.0)"
